15. Suppose 0 = -4*t - m*v + 224 + 348, -3*t - v = -429. List the prime factors of t.
11, 13
Let z = 14 - 8. Suppose 4*j + 2 + z = 0. List the prime factors of 17 + j + (-2)/(-1).
17
Let k(w) = 4*w**3 - 37*w**2 - 17*w + 7. What are the prime factors of k(11)?
23, 29
Suppose 0 = 3*t + 9 - 84. Let g = 45 - t. Suppose -60 = -5*s - 4*m + 36, -5*m + g = 0. What are the prime factors of s?
2
Let s(g) = -270*g. Let w be s(-3). Let t = 1137 - w. Suppose 4*v - t = -5*d, 5*v - 330 = -6*d + d. List the prime factors of d.
3, 7
Let v = 3796 - 2205. What are the prime factors of v?
37, 43
Let n be (-1)/(-2*(-1)/(-6)). Suppose n*y - 5*v - 6 = 0, -5*y + 8 + 2 = 2*v. What are the prime factors of y?
2
Let c = 18 - 12. Suppose 30 = -c*u + 9*u. Let q = 55 - u. List the prime factors of q.
3, 5
Let k(x) = -3*x**3 - 9*x**2 - 42*x - 22. List the prime factors of k(-7).
2, 5, 43
Let r(a) = a**2 + 3*a - 4. Let f be r(-5). Suppose 3*b + f = -0*b, -4*s + b - 26 = 0. Let g = s + 30. List the prime factors of g.
23
Let k(t) = 34*t**2 + 5*t - 15. Let a be k(5). Suppose 0 = o + b - 166, -5*b - a = -0*o - 5*o. List the prime factors of o.
13
Suppose 18*a - 3982 = 7*a. What are the prime factors of a?
2, 181
Let n(j) = -j**3 + 4*j**2 - 2*j - 4. Let t be n(5). What are the prime factors of 394/8 - t/52?
2, 5
Let i = 2705 + 66. List the prime factors of i.
17, 163
Let d be (-1408)/(-28) - 2/7. Suppose 0*p = -3*p + 36. What are the prime factors of (d/(-8))/((-3)/p)?
5
Suppose -2*v + 6*v + 36 = 0. Let n = 11 + v. List the prime factors of n.
2
Let w(r) = -4*r**2 - r - 3. Let y be w(2). List the prime factors of (-1494)/y + 2/(-14).
71
Suppose x + 3 = c, 2 = 2*c + c + 4*x. Let t be (c + 2)/(-5 - -7). Suppose 3 = z - t. List the prime factors of z.
5
What are the prime factors of (-71)/(-3)*1*6?
2, 71
Suppose 3*p + 2*n = -0*p + 15, 3*p - 21 = -4*n. Let i be 4/p*-12 + 3. List the prime factors of -1 + 17 + (i - -14).
17
Suppose -1128 = 5*m - 7*m. What are the prime factors of m?
2, 3, 47
Suppose -2*x = 5*b + 20 + 1, -x - 3*b = 11. Let a be 4/18 - x/(-36). Suppose a = -5*k + 5*g + 42 + 73, -4*k + 2*g = -100. List the prime factors of k.
3
Let u be ((-2976)/(-112))/(0 + 1/14). Suppose -4*j = -l - u, -l + 141 + 138 = 3*j. List the prime factors of j.
3, 31
Suppose 0 = 5*t + 2*g - 58, 14 + 16 = 5*t - 5*g. Suppose -3*b = z - t, 0*b - 18 = -z - b. What are the prime factors of z?
2, 11
Let t be (-4)/(1 + 3) + 12. Let u = t - 6. Suppose -2*x = 2*s - 5*s, -u*s = 3*x - 38. List the prime factors of x.
2, 3
Let r(n) = -n**2 - 10*n + 19. Let f be r(-11). Let k = 361 + -172. Suppose 5*h + k = f*h. What are the prime factors of h?
3, 7
Let s = -31 - -32. What are the prime factors of 148/s + (-38)/19?
2, 73
List the prime factors of (-38 + 2544)*(-2)/(1*-4).
7, 179
What are the prime factors of 24/(-8 + 12) + 2084?
2, 5, 11, 19
Suppose -3*j + l = -3230, -2*j + 520 + 1631 = -3*l. List the prime factors of j.
3, 359
Let v = 214 - 304. Let f = -43 - v. List the prime factors of f.
47
Suppose 0 = -4*a - 8, 1142 + 120 = i - 2*a. What are the prime factors of i?
2, 17, 37
Suppose -21*p + 18*p = 5*t - 10174, -4*p - 5*t = -13557. What are the prime factors of p?
17, 199
Suppose -16*o - 6 = -18*o. Let k(y) = 50*y - 9. List the prime factors of k(o).
3, 47
What are the prime factors of -1 + (77/7 - 5) - -3167?
2, 13, 61
Suppose 192 = -2*z + 6*z. Suppose 5*r - 8*r = -z. List the prime factors of r.
2
Suppose -8*d - 4*x + 4 = -10*d, d + 4*x = -32. What are the prime factors of (-2)/d + (-2373)/(-18)?
2, 3, 11
Let b be -3*3*(4 + -5). Suppose 2*y + 3 = -t - b, -2*t = -y - 1. Let p(f) = 2*f**2 - f + 3. What are the prime factors of p(y)?
2, 29
Let k be ((-4)/(-8))/(1/2). What are the prime factors of (-14)/(k/7*-2)?
7
Suppose -17 = 3*s - 62. Let r = s + -13. Suppose -3*f + 6*o + 117 = 3*o, -5*f = -r*o - 207. List the prime factors of f.
43
Suppose b - 24 = -2*b. List the prime factors of 2*(-21)/(-14) + b*1.
11
Suppose -5*m + 658 - 173 = 0. Suppose g - 4*g + 270 = -t, -g - 2*t = -m. List the prime factors of g.
7, 13
Let d(x) = -13*x - 32. Suppose -3*r = 21 + 9. List the prime factors of d(r).
2, 7
Let s be 3 - 4/(-8)*2. Suppose s = 4*p - 212. Let d = p - 38. List the prime factors of d.
2
Let f(a) = 50*a - 81. Let d(q) = -25*q + 40. Let u(g) = 5*d(g) + 3*f(g). What are the prime factors of u(11)?
2, 29
Suppose -n - n = -88. Suppose -v - 2*k + 1 + 9 = 0, 4*k = -4*v + n. What are the prime factors of v?
2, 3
Let i = -346 - -663. Suppose 0 = -a + c + 111, -2*c = 3*a + 3*c - i. What are the prime factors of a?
109
Let i(z) = 12*z**2 + 10*z + 17. What are the prime factors of i(-8)?
3, 5, 47
Let c be 16/2 - 0/(-4). Let a = 60 - c. List the prime factors of a.
2, 13
Let v(n) = 7*n**3 + 21*n**2 + 19*n + 6. Let g(d) = -10*d**3 - 31*d**2 - 28*d - 9. Let j(s) = -5*g(s) - 7*v(s). List the prime factors of j(-5).
43
Let x(k) = 44*k**2 - 6*k + 3. List the prime factors of x(3).
3, 127
Let u = 8 + -20. What are the prime factors of ((-12)/(-9))/(u/(-234))?
2, 13
Let s(q) = 4*q**2 - 8*q + 19. What are the prime factors of s(-11)?
3, 197
Suppose g + 2*s = 254, 4*g - 4*s + 555 = 1607. Suppose 0*j = j - g. Suppose 0 = 8*i - 3*i - j. List the prime factors of i.
2, 13
Let z(o) = -o**3 - 5*o**2 - 2*o + 3. Let h be z(-3). Let d(b) = -20*b + 31. List the prime factors of d(h).
211
Let f = 236 - 129. Suppose -226 - f = -3*g. List the prime factors of g.
3, 37
Let c = 44 - 72. Let d be (-2440)/(-35) + (-8)/c. Suppose -d = 2*j - 214. List the prime factors of j.
2, 3
Let t(l) = -l**3 - 4*l**2 - 2*l + 8. Let v be t(-4). Let q = v + 64. List the prime factors of q.
2, 5
Let m = 115 - 18. Suppose 3*x - 276 = -3*o, -2*o = -x - 4*o + m. List the prime factors of x.
3, 29
What are the prime factors of -2 - -2400 - (3 - 3)?
2, 11, 109
Let m(c) = c**2 - 2*c - 3. Let b be m(0). List the prime factors of (231/(-9))/(1/b).
7, 11
Let w(j) = j**3 + 28*j**2 + 26*j + 31. What are the prime factors of w(-20)?
2711
Let i(y) = -y**2 + 144*y - 27. List the prime factors of i(41).
2, 1049
Let s(p) = 13*p + 93. List the prime factors of s(22).
379
Let y(b) = -22*b - 148. What are the prime factors of y(-21)?
2, 157
Let k(g) = g + 1. Suppose -5*s - 26 = -4*j, -27 + 5 = -5*j + s. Let t be k(j). Suppose 53 + 87 = t*r. What are the prime factors of r?
2, 7
Suppose -2*o = -4*d + 3*o + 1174, -5*d = o - 1482. What are the prime factors of d?
2, 37
Suppose 365 = 2*w - 889. What are the prime factors of w?
3, 11, 19
Let v(w) = -w**3 + 4*w - 4. Let n(q) = -q**3 + 9*q**2 - q + 5. Let i be n(9). Let o be v(i). Let x = o + -1. List the prime factors of x.
43
Let f(d) = d**2 + d - 4. Let l be f(-3). Suppose 0 = l*h - 10. Suppose h*k = 4*k + 39. List the prime factors of k.
3, 13
Let q(i) = -i**3 - 10*i**2 + 9*i - 17. Let t be (2 + -24)*1/2. Let h be q(t). Suppose 0 + 20 = h*w. List the prime factors of w.
2
Suppose -4*w - 8 = 12. List the prime factors of 69*((-6)/(-5) + w/25).
3, 23
What are the prime factors of 2330 + 13/((-130)/60)?
2, 7, 83
Suppose 0*o + 5*a = -5*o + 40, 8 = o - a. What are the prime factors of 1065/o - 3/24?
7, 19
Let u(p) = 27 + 0*p + 3*p - 3*p + 2*p. Let z be u(-12). Suppose z*t - 9*t = -24. List the prime factors of t.
2
Let i(p) = -282*p + 46. What are the prime factors of i(-11)?
2, 787
Let n(c) = 38*c - 136. List the prime factors of n(34).
2, 17
Suppose -3*n - 2*n = -810. Suppose 3*f - 5*f + n = -5*u, -3*u = 5*f - 467. List the prime factors of f.
7, 13
Suppose 0 = 6*p - 1171 - 2459. List the prime factors of p.
5, 11
Let j = 69 - -951. What are the prime factors of j?
2, 3, 5, 17
Suppose -2*v = 2*k - 12, 0 = 4*v - 8*k + 3*k + 3. List the prime factors of (54/4)/((v + -2)/12).
2, 3
Suppose -82688 = -48*i - 16*i. List the prime factors of i.
2, 17, 19
Suppose 6*k - 96 = 4*k. Suppose -2*j - 36 = -6*j. Let u = j + k. List the prime factors of u.
3, 19
Let z(r) = -r**2 - 15*r - 24. Let g be z(-11). List the prime factors of (2 - (-1383)/12) + (-5)/g.
3, 13
Let s(v) = 0 - 8*v - 3 + 12. Suppose 4 = -4*g, 0 = -2*w + 2*g - 16 + 2. List the prime factors of s(w).
73
Let c be (-2 - 2)/(-10 - -8). Suppose 0 = -c*r - 0*r - 24. What are the prime factors of (r/(-2))/(1/6)?
2, 3
Suppose 4*r - 36 = 3*r - q, -r + 5*q = -24. Let s = r - 25. What ar